en 107 is divided by q(-40)?
7
Let s(c) = -c**2 + 11*c + 11. Suppose 0 = 3*r - 80 + 14. What is the remainder when s(7) is divided by r?
17
Let s(x) = 9 + 3*x - 22 - 2*x - 3*x. Suppose -2*q + 56 = -4*b, -3*b = 12 + 3. What is the remainder when q is divided by s(-9)?
3
Let a(d) = d + 4. Let z be a(3). Suppose -376 = -z*c - c. Calculate the remainder when c is divided by 17.
13
Let v = 1 - -4. Suppose b = v*b - 76. What is the remainder when ((-20)/(-4) - 3) + 52 is divided by b?
16
Let r(i) = -2*i**2 + 11*i + 10. What is the remainder when 147 is divided by r(3)?
22
Let g be (-20)/(-14) - 1 - (-658)/(-49). Let u = g - -112. Calculate the remainder when u is divided by 10.
9
Suppose 4*n + 3*k = 175, -7*k + 3*k = 12. Calculate the remainder when n is divided by 23.
0
Suppose 11*b - 141 = 145. What is the remainder when 63 is divided by b?
11
Suppose 82 = x + z, -3*z = x - z - 83. Suppose -3*j + 14 = -2*j. What is the remainder when x is divided by j?
11
What is the remainder when (0 - -52)*28/64*4 is divided by 32?
27
Suppose 445 + 511 = 4*d. Calculate the remainder when d is divided by 40.
39
Let i(t) = -25*t**2 - 76*t + 4. Calculate the remainder when 25 is divided by i(-3).
4
Let i(q) = -2*q**2 + 42*q - 52. Calculate the remainder when i(17) is divided by 23.
15
Let o = 1 + -7. Let a = o - -5. What is the remainder when 55 is divided by 16 - 6/2 - a?
13
Suppose 28 = 5*v - v - 4*f, -3*f - 1 = v. Suppose v*m + 0 = 35. Let y = -3 + m. What is the remainder when 9 is divided by y?
1
Suppose 5*k + 2*g = 32, 2*g - 4 = -2*g. Calculate the remainder when 98 is divided by k.
2
Suppose -20*u + 21*u - 4 = 0. Let b = 14 - u. Calculate the remainder when 47 is divided by b.
7
Calculate the remainder when 338/65*(2 - -23) is divided by 19.
16
Let j(u) = -11*u - 9. Let o(l) = -l**3 - 7*l**2 + 25*l + 10. Let c be o(-10). Suppose -5*z + c = -z. Calculate the remainder when j(-6) is divided by z.
12
Suppose -5*b = -9 - 1, -3*t + 136 = 2*b. Calculate the remainder when t is divided by 9.
8
Let k(p) = 2*p**2 - 8*p + 12. Let d(x) = -3*x**2 + 34 - 11*x + 7*x**2 - 6*x - 9. Let s(j) = 3*d(j) - 5*k(j). Calculate the remainder when s(8) is divided by 15.
10
Suppose 4*a + 28 = 3*v, 12*v - 8*v - 49 = 3*a. Let c(q) = -4*q + 2. What is the remainder when c(-10) is divided by v?
10
Let w(a) = 20*a - 31. Let y be w(16). Suppose 4*n + y = d, 5*n = -5*d - 391 + 1786. What is the remainder when d is divided by 47?
46
Let q = 421 + -388. What is the remainder when 61 is divided by q?
28
Suppose 217 + 291 = 4*o - 4*y, -5*y - 115 = -o. Calculate the remainder when o is divided by 33.
31
Let k be (16/(-6))/((-2)/(-54)). Let z = k + 129. What is the remainder when z is divided by 20?
17
Let j(z) = -z**3 - 5*z**2 - 5*z - 1. Let o be j(-3). Let y = o - -14. Suppose b = 5*b - 68. What is the remainder when b is divided by y?
7
Suppose 0 = -26*x + 385 + 1331. Calculate the remainder when 215 is divided by x.
17
Let d(v) = -148*v - 2. What is the remainder when d(-2) is divided by 75?
69
Suppose -18*f + 2*f = -992. What is the remainder when 121 is divided by f?
59
Suppose 5*y + 5 = -0*y - 5*t, 2*y + 4*t + 6 = 0. Let c(j) = 212*j + 3. Let z be c(3). Calculate the remainder when -2*y*z/(-18) is divided by 18.
17
Suppose 0 = -4*m - 97 - 39. Let c = m + 36. Suppose c*l + 2*v + v = 49, -126 = -5*l - 4*v. Calculate the remainder when l is divided by 9.
8
Suppose -6*i + 3*n = -i - 40, 0 = 3*n. Let v(y) = -y + 4. Let q be v(i). Calculate the remainder when 2 is divided by (q/5)/((-4)/10).
0
Calculate the remainder when 13 + -4 + 6/(-1) is divided by 1.
0
Suppose -2*i + 6*i - 2*p = -26, 4*i - p + 21 = 0. Let x = 0 - i. Suppose 0 = -3*f - j + 15 + 3, -x*j = -f + 6. What is the remainder when f is divided by 2?
0
Suppose 172*t - 72 = 166*t. What is the remainder when 164 is divided by t?
8
Let m = -97 + 32. Let u = -38 - m. Calculate the remainder when 52 is divided by u.
25
Let c(t) = -179*t - 854. Suppose -93 - 12 = -5*m. Calculate the remainder when c(-5) is divided by m.
20
Let t(n) be the second derivative of n**4/4 + 3*n**3/2 + 19*n**2/2 - 28*n. Calculate the remainder when t(-6) is divided by 38.
35
Suppose -5*v + 2*v = 3*d + 33, -4*d = -5*v - 19. Let q(u) = 2*u**2 - 3*u + 4. What is the remainder when q(v) is divided by 31?
30
Let n = 144 - 131. Let k be 1/5*-6*5. Let a(y) = 2*y**2 + 5*y + 7. What is the remainder when a(k) is divided by n?
10
Suppose 430 = 17*l - 165. Calculate the remainder when 118 is divided by l.
13
Let o = -16 - -34. Let r = -47 + 82. Suppose 0*q = -3*q - i + r, -q + 4*i = 10. What is the remainder when o is divided by q?
8
Let z(t) = -t**2 - 46*t - 186. What is the remainder when z(-37) is divided by 37?
36
Suppose 2*w + s - 2 = -18, 5*s + 24 = -3*w. Let y(q) = -4*q - 14. What is the remainder when 35 is divided by y(w)?
17
Let y(k) = 15*k**2 - k + 2. Let p be y(1). Let z = p - 3. Calculate the remainder when 36 is divided by z.
10
Let v = -8 - -8. Let f be (-2)/(v + (-8)/(-236)). Let c = f - -99. Calculate the remainder when c is divided by 14.
12
Suppose 64 = 5*l - 51. Suppose -231 = 5*x - 3*g, 4*g = -2*x + 3*x + 53. What is the remainder when (-27)/x + (-434)/(-10) is divided by l?
21
Suppose -4*c = -11*c. Suppose c = -2*t + 17 + 27. What is the remainder when 65 is divided by t?
21
Suppose 12*g - 7 = 11*g. Suppose h + 5*q = 17, -9 = -5*h - 2*q + g. What is the remainder when 4 is divided by h?
0
Let w = 567 - 436. Suppose -i + 66 = 2*i. Calculate the remainder when w is divided by i.
21
Let o = -82 - -124. Let t be (9 + 3/3)*-13. What is the remainder when o is divided by 5/30 - t/12?
9
Suppose -9*r + 11*r = 0. Suppose q = -r + 7. Calculate the remainder when q is divided by 3.
1
Suppose -76*b + 89*b = 221. What is the remainder when 66 is divided by b?
15
Let g(r) = -r**3 - 13*r**2 - 13*r - 7. Let n be g(-12). Let i be (-2)/(((-20)/(-16))/n). What is the remainder when 55 is divided by (12/i)/((-9)/168)?
27
Suppose -p = -4, -6*p = 3*o - p - 35. Suppose 13 = -o*c + 6*c. Calculate the remainder when ((-15)/(-10))/(((-5)/(-42))/5) is divided by c.
11
Let q(n) = -3*n + 8 - 3*n - 4*n + 3*n + n**2. Let l be q(6). Suppose 3*p - 6 = 4*f, l*f = 4*p - 3 - 5. What is the remainder when 2 is divided by p?
0
Suppose 3*l = -l + 72. Calculate the remainder when (9*(5 - 6))/((-9)/84) is divided by l.
12
Let f(u) = -2*u + 15. Let h be f(7). Suppose -2*r + 71 - h = 0. Calculate the remainder when r is divided by 12.
11
Let h = -176 - -185. Calculate the remainder when 34 is divided by h.
7
Calculate the remainder when 81 is divided by (-39)/312 + 2/(48/939).
3
Let r = 19 + 89. Let g = -76 + r. What is the remainder when (-4)/(-6)*366/4 is divided by g?
29
Let t be (148/6 + -2)*6/4. Suppose 0*j = -2*j + t. What is the remainder when 31 is divided by j?
14
Suppose 0*m = m + 2*b - 148, -4*m = -3*b - 636. Let y = 225 - m. Calculate the remainder when y is divided by 35.
34
Let v = 1982 + -1585. Calculate the remainder when v is divided by 5.
2
Let q(u) be the first derivative of u**2/2 + 9*u + 45. Suppose -5*d + 77 = 17. What is the remainder when q(d) is divided by 8?
5
Suppose 4*c = -c + 5, 3*v - 2*c = 13. Let u = 5 - v. Suppose u = -3*q - 12, -y = -6*y + 5*q + 70. What is the remainder when 38 is divided by y?
8
Suppose 129*r - 128*r - 2 = 0. Suppose 45 = 4*q + 3*m, -r*q + 0*q = 5*m - 19. Suppose 0*o = 5*o - 230. What is the remainder when o is divided by q?
10
Let x = -84 - -96. Let g = x - 4. Calculate the remainder when 94 is divided by g.
6
Suppose 84 = 18*x - 420. Let m be 1/4 - 146/8. Let g = x + m. Calculate the remainder when 19 is divided by g.
9
Let q(b) = 2*b**3 - 36*b**2 - 9*b + 30. Calculate the remainder when q(19) is divided by 144.
5
Suppose 0*o + 1702 = 37*o. Let r(b) = -b**2 + 7*b + 6. Suppose 5*m + 0*m - 30 = 0. What is the remainder when o is divided by r(m)?
10
Let w be (2/2)/(2/4). Suppose 104 = w*r + v, -2*v = -3*r + 163 - 7. Let g = 89 - r. Calculate the remainder when g is divided by 13.
11
Let b(q) = -q**3 + q**2 + 6. Let u = 211 - 207. What is the remainder when b(0) is divided by u?
2
Suppose -2*b - 2*b - 268 = 0. Let n = -52 - b. Let a(o) = 2*o - 3. Calculate the remainder when n is divided by a(6).
6
Let f(k) = -k**3 - 14*k**2 - 28*k - 3. Suppo